s the tens digit of y?
6
Let x(w) be the second derivative of 8*w**4/3 - 2*w**3/3 + w**2 - 3*w. What is the units digit of x(2)?
2
Let z = 350 + -62. What is the hundreds digit of z?
2
Suppose -l = -0*l + 10. Let s be 8/(-10)*l/4. Suppose 4*i = s*i - 2, -4*n + 77 = -i. What is the units digit of n?
9
Let l be ((-390)/(-45))/((-2)/6). Let t(o) = 4*o**2 + 6*o + 1. Let p be t(-4). Let b = l + p. What is the tens digit of b?
1
Let t(z) = 5*z**2 + 2*z + 1. Let k be t(-1). Suppose k*n - 9 = 19. What is the units digit of n?
7
What is the tens digit of 254/1 + 1 - (32 - 25)?
4
Let c be (-16)/(-40) - (3972/10)/(-2). Suppose -l - 44 = -c. What is the tens digit of l?
5
Let j = 52 + 95. Let m = -11 + j. What is the hundreds digit of m?
1
Let p(n) = -n**3 + 5*n**2. Suppose 7*w - 5 = 6*w. Let m be p(w). Suppose 4*l + 5*s - 64 = m, -l + 0*s + 25 = -s. What is the tens digit of l?
2
Let f = 5796 - 3176. What is the tens digit of f?
2
Let d(x) be the second derivative of -3*x + 4/3*x**3 - 5/12*x**4 - 3/2*x**2 + 0 + 1/20*x**5. What is the tens digit of d(5)?
3
What is the hundreds digit of (-6354)/(-12) - (-1)/(-2)?
5
Suppose -5*o = 5, -2*r + 7*o + 4703 = 4*o. What is the tens digit of r?
5
Let i be (-2)/(-8) - (-11)/4. Suppose -4 - 5 = 3*r + 3*o, -3*r + 15 = -5*o. Suppose n - i*n + 6 = r. What is the units digit of n?
3
Let a(s) = -83*s - 45. What is the units digit of a(-7)?
6
Let d be 1/4 - 38/(-8). Let p(t) = 13 + 0*t - 5 + t. What is the tens digit of p(d)?
1
Let d(l) = -l - 14. Let q be d(-18). Suppose 110 - 270 = -q*u. Let b = 67 - u. What is the units digit of b?
7
Suppose -2*w - 3*b + 26 = 0, -3*b + 6 = -6. Suppose 295 = w*j - 62. What is the units digit of j?
1
Let a = 170 + 9. What is the tens digit of a?
7
Let l(r) = r**3 - 2*r**2 - 35*r + 4. Let f be l(7). Suppose -f*s + 852 = -0*s + 3*o, -5*o = 4*s - 844. What is the tens digit of s?
1
Suppose -3*d - 2*d + 10 = 0. Let v(p) = 1. Let g(b) = b. Let x(l) = d*g(l) + v(l). What is the tens digit of x(7)?
1
Suppose 38 = 2*z + 30. Let w be (-16)/z - (-8)/2. Suppose w*c - 25 = -c + 2*a, 5*c = -a + 70. What is the tens digit of c?
1
Suppose -1473*k + 9456 = -1470*k. What is the tens digit of k?
5
Let d(w) = 2*w + 3. Let z be (-22)/(-3) - 4/12. Let m(n) = n**2 - 6*n - 3. Let a be m(z). What is the tens digit of d(a)?
1
Let i(y) = 5*y**2 + 5*y + 2. What is the units digit of i(-10)?
2
Let b(j) be the first derivative of 2*j**3 - j**2 - 3*j - 3. What is the tens digit of b(-3)?
5
Suppose 3*a + 18 + 6 = 0. Let x(c) = -2*c - 16. Let i be x(a). Suppose i = l + 4*l - 5. What is the units digit of l?
1
Let k(d) = d**3 - 7*d**2 - 6*d - 4. Let o be k(8). Suppose -u + o = -3*u. What is the tens digit of u*((-30)/4 - -1)?
3
Suppose g + 4 = 3*g. Suppose 0 = -2*b + 10 - g. What is the units digit of b?
4
Let v = 8428 - 4365. What is the hundreds digit of v?
0
Let j(t) = 139*t**2 - 3*t + 2. What is the units digit of j(-3)?
2
What is the tens digit of 38/171 - 17960/(-18)?
9
Let u = -21 + 66. Let y = u - 8. What is the units digit of y?
7
Suppose -174*d = -170*d - 668. What is the units digit of d?
7
Let t = 5234 - 3379. What is the hundreds digit of t?
8
What is the tens digit of ((-29)/(-2) + 2)*4424/237?
0
Suppose -8792 = -73*g + 65*g. What is the units digit of g?
9
What is the thousands digit of 2390*(91/(-14))/(-13)?
1
Let u = -44 - 10. Let s = u + 89. What is the units digit of s?
5
What is the thousands digit of (1998/(-37))/((-6)/237)?
2
Let p(v) = v**2 - 28. Let u be p(0). What is the units digit of 12/4 - (u + -2)?
3
Let t = -18 + 12. Let i = t - -19. Let w = i - -9. What is the units digit of w?
2
Let k = -163 + 166. Let z(i) = i**2 - 3*i - 4. Let d(o) = -4*o**2 + 10*o + 12. Let t(b) = -2*d(b) - 7*z(b). What is the tens digit of t(k)?
1
Suppose 0 = -4*a + b + 269, -5*b - 7 + 2 = 0. Suppose a = w - 54. What is the hundreds digit of w?
1
Suppose a - 3*r + 1 = -1, 2*a + r - 10 = 0. Suppose -a*g = d - 12, -d + 3*g = -0*d + 2. What is the tens digit of d/(-10) + (-608)/(-20)?
3
Let z(x) = -x**2 + 85*x + 165. What is the units digit of z(36)?
9
Suppose -5*l + 665 = 3*x, -4*l + 631 = -2*x + 99. Let b(q) = -17*q**3 + 2*q**2 + 4*q + 3. Let j be b(-1). Suppose 5*g - l + j = 0. What is the units digit of g?
3
Suppose 0 = u + 1, 5*x - u + 5*u - 606 = 0. Let v = x - 18. Suppose -7*j + v = -5*j. What is the tens digit of j?
5
Suppose -17*a + 9*a = -16. What is the hundreds digit of (2227/34)/(1/a)?
1
Let y(w) = -80*w**2 + 3. Let a(s) = -319*s**2 + s + 13. Let v(q) = 2*a(q) - 9*y(q). What is the tens digit of v(1)?
8
Suppose 5*t = -c - 20, -2*c = 4*t + 14 - 4. What is the units digit of (170/3)/c + (-2)/6?
1
Let b = 2432 - 1245. What is the units digit of b?
7
What is the tens digit of 422 + 2 + -7 + (5 - 1)?
2
Suppose -11*r + 36*r = 103825. What is the tens digit of r?
5
Let z = 566 + 224. What is the tens digit of z?
9
Let y = 36 - 28. What is the units digit of (y/(-16))/(1/(-4))?
2
Let k(c) = -476*c - 25. What is the tens digit of k(-3)?
0
Let y(p) = 8*p**2 - 7*p - 4. Let r(d) = -7*d**2 + 6*d + 4. Let g(o) = 7*r(o) + 6*y(o). Let b be g(3). Let t = b + 14. What is the units digit of t?
9
Let q be 25/20*29*4. Suppose q = 4*g + i, 37 = g + 4*i - 18. What is the tens digit of g?
3
Let s = 11 + -7. Let x be 338/(-10) - s/20. Let j = x - -50. What is the units digit of j?
6
Let t = -341 + 2029. What is the units digit of t?
8
What is the hundreds digit of 321 + -10 + 1 + 5?
3
Let j(q) = 2*q**2 + 10*q + 2. Let y be j(-7). Suppose -7 = 2*g - 5*m - y, 3*g = -m + 9. What is the tens digit of (g/6)/((-14)/(-483))?
2
Let m be 4 + -2 + -2 + 1. Let i = 24 - m. Suppose -o + i + 0 = 0. What is the units digit of o?
3
Suppose 0 = -14*h - 2*h + 20192. What is the tens digit of h?
6
Suppose -4*u - 7 = -39. Suppose -5*w + w + u = 0. Suppose -w*c + 68 = 2*c. What is the units digit of c?
7
Suppose -5*p = 2*d - 400, 4*p = 2*d + 382 - 44. Suppose -2*u + 2*h = u - p, -3*u - 3*h + 102 = 0. What is the tens digit of u?
3
Let v = 427 + 411. What is the units digit of v?
8
Suppose 5*o - 4646 - 1791 = -v, 4*o = 4*v + 5164. What is the tens digit of o?
8
Let t(a) be the first derivative of -a**2/2 - 15*a + 7. Let o be t(-15). Suppose -5*f + 101 - 41 = o. What is the units digit of f?
2
Let n(b) = -97*b - 2. What is the hundreds digit of n(-8)?
7
Let q(n) = -n**3 - 5*n**2 + 5*n - 3. Let x be q(-6). Suppose 0 = -s - x*s. Suppose 4*w - 7 - 29 = s. What is the units digit of w?
9
Let b = 12 - 3. Suppose -4*k - 18 = -b*k + 3*x, -2*x = -8. What is the tens digit of 6/18 - (-106)/k?
1
Let f(d) = -220*d - 1233. What is the hundreds digit of f(-28)?
9
Suppose 5*f - 10 = 4*f. What is the units digit of (12/20)/(2/f)?
3
Suppose -32*d + 50*d = 33624. What is the thousands digit of d?
1
Let l be -2 + 0/1 - -2. Let q be (l + (-21)/6)*-2. What is the units digit of 25 - q - 3/1?
5
Suppose 0 = -5*c + 2*f + 380, 5*f + 163 = 2*c + 2*f. Let d = -22 + c. What is the units digit of d?
2
Let x(c) = -c**2 - c + 3. Let a be x(-2). What is the tens digit of (18 - -83)/(a + 0 + 0)?
0
Let x = -99 - -97. What is the units digit of 560/4 + (-4)/x*1?
2
What is the tens digit of (-6)/45 - 107922/(-90)?
9
Let m be 1072/6 - (-7)/21. Let s be 2/(-1)*206/(-4). Suppose -2*p + 25 = 5*k - s, -k = 3*p - m. What is the tens digit of p?
5
What is the hundreds digit of -1 + 142 + 2/(-14)*-7?
1
Suppose 39*k + 2112 = 45*k. What is the units digit of k?
2
Suppose 3*n = -15, 0 = -b + 3*n + 12 + 7. Suppose 4*k + k = b*r - 125, 5*k = -3*r + 85. What is the tens digit of r?
3
Let j(t) = -t**2 - 4*t + 4. Let i be j(2). Let r = 65 - i. What is the tens digit of r?
7
Let i be (-2)/(-3) - 1/(-3). Let c(z) = 10*z - 5 - 7 - i. What is the units digit of c(7)?
7
Let s be (-58)/4 - (-2)/(-4). What is the tens digit of ((-57)/5)/(3/s)?
5
Let m(w) be the third derivative of -w**5/60 + w**4/8 - w**3/3 - w**2. Let u be m(2). Let t(f) = f + 20. What is the units digit of t(u)?
0
Let b = 101 + -53. Let k = -11 + b. What is the tens digit of k?
3
Let f = -292 + 491. What is the units digit of f?
9
Let b = -375 + 1136. What is the units digit of b?
1
Let k = 16 + -37. Let p be (-2)/6 + k/(-9). Suppose -p*w + 32 = s, -4*w + 4*s = -3*w - 16. What is the tens digit of w?
1
Let c(o) = o**3 - 2*o**2 - 2*o + 2. L